o = -1, 5*y - 2*y + 18 = 2*o. Give m(y).
3
Let b(a) = 5*a**2 + 1. Let g be (4 - 5) + -16 + -1. Let r = -17 - g. Give b(r).
6
Let j(t) = 5*t - 3. Let a(f) = f**2 - 4*f + 3. Let k be a(2). Let z be 1*(k - -2)*2. Determine j(z).
7
Let t(g) be the first derivative of -g**4/12 + g**3/2 + 3*g**2/2 - 2. Let s(q) be the second derivative of t(q). Determine s(4).
-5
Suppose -s = -5*b - 1 - 9, -5*s - b = 28. Let c(a) = a**2 - 6*a - 8. Let p(d) = 3*d**2 - 12*d - 17. Let q(o) = 5*c(o) - 2*p(o). Give q(s).
-1
Let w(u) be the second derivative of -u**4/6 - u**2/2 + 19*u. Give w(2).
-9
Let v(c) = -3*c**2 + 1 - 3 + 3 - 2*c + c**3. Give v(3).
-5
Let y(n) = 0*n + 6 - 6*n - 3 + 4*n. Determine y(6).
-9
Suppose 0 = -z - 5*f - 36, -3*z = z - f + 60. Let k = 11 + z. Let n(m) = 3*m**2 - 3*m - 4*m**2 - 3 - 4*m + 2*m. What is n(k)?
-3
Let v(l) = l. Let u(r) = -r**2 - 7*r + 9. Let i be u(-8). What is v(i)?
1
Let f(l) = -l**2 - 9*l. Let b(z) = -2*z**2 - 19*z. Let c(t) = -4*b(t) + 9*f(t). What is c(-5)?
0
Let f(x) = x**2 + 4*x + 1. Let l = -40 + 34. Calculate f(l).
13
Let s(l) = 3*l**3 - 4*l**2 - 4*l - 2. Let w(i) = -i**3 + i**2 + i - 1. Let x(r) = s(r) + 2*w(r). Determine x(3).
-1
Let c(o) = 58*o + 6 - 2*o**2 - 64*o + 3*o**2. Calculate c(5).
1
Let a(s) = -6*s**3 + 2*s**2 - 1. Suppose 0 = 7*b + 159 - 152. Determine a(b).
7
Let q(y) = -y**2 - y - 1. Let z(h) = -h**3 - 5*h**2 - h - 1. Let p(l) = -2*q(l) + z(l). Suppose 2*k + 3*u = 6, -2*k - 4 = u - 2. Let j = -6 - k. What is p(j)?
-2
Let w(s) be the first derivative of 3*s**4/4 + s**3/6 - s**2/2 - 2*s - 2. Let p(b) be the first derivative of w(b). Calculate p(1).
9
Let g(k) = -k**2 - 6*k - 4. Suppose 5*f = 4*j - 8, -2*f - 13 - 7 = 4*j. Determine g(f).
4
Let j(y) be the second derivative of y**4/3 + y**3/3 - 3*y**2/2 + 2*y - 6. What is j(2)?
17
Let z(c) = -11*c - 5. Let x(q) = 1. Let v(i) = -6*x(i) - z(i). Give v(1).
10
Let w(y) be the first derivative of -y**2 + y + 2. Calculate w(-2).
5
Let v(c) = 1. Let o(x) = -x**2 + 6*x + 2. Let q(m) = o(m) - 3*v(m). Let f(d) = -d - 5. Let b be f(-7). Let u be (-1 + b)*2*3. Determine q(u).
-1
Let c(n) = -2*n + 2. Let y(f) = 1. Let w(v) = v + 3. Let p(g) = -w(g) + 2*y(g). Let b be p(-4). Suppose -b*x - 4*q - 26 = 0, q = 5*x - 4*q - 15. What is c(x)?
6
Let c(u) = -6*u + 2. Let k(q) = -11*q + 3. Let t(p) = 5*c(p) - 3*k(p). Give t(3).
10
Let i(r) = -r**2 + 8. Let g(n) = n**2 - n - 7. Let t(a) = -5*g(a) - 4*i(a). Let q be (-136)/22 + 8/44. Let l be (q/4)/((-9)/30). Determine t(l).
3
Let z(m) = 3*m. Let o = -41 + 25. Let t be (o/40)/(1/10). Give z(t).
-12
Let l(h) = -h - 1. Suppose 3*c - 1 = -4*y, -2*c - 1 = 3*c + 4*y. Give l(c).
0
Let w(u) = u - 3. Let b be w(13). Suppose 10 = -h - 2*v + 2, -5*v - b = 0. Let s(y) = -y - 1. Give s(h).
3
Let z = 0 - -3. Let f(d) be the second derivative of 3/2*d**2 + 1/3*d**z + 0 - d. What is f(-2)?
-1
Let q be (-3838)/323 - (15/(-17) + 1). Let m(y) = y**3 + 12*y**2 + 2*y + 18. Determine m(q).
-6
Let p(j) be the second derivative of -j**5/120 + j**4/12 + j**3/2 - 4*j. Let d(t) be the second derivative of p(t). Determine d(2).
0
Let h(x) = -x**3 + 4*x**2 - 3*x - 3. Suppose 8*o - 4*o - 5*t - 32 = 0, 0 = 3*o + t - 5. What is h(o)?
-3
Let h(m) = -m**2 + m - 1. Suppose 0 = -14*w - 15 + 43. Calculate h(w).
-3
Let g(z) = -2*z**3 - 4*z**2 + z + 5. Let d(j) = -j**3 - 3*j**2 + j + 4. Let s(k) = 4*d(k) - 3*g(k). Determine s(-1).
-2
Let u(v) = -v - 1. Let m(s) = -s**2 - s - 2. Let y = -5 + 9. Let h = -5 + y. Let b(a) = h*m(a) + 3*u(a). What is b(3)?
2
Let c(o) = o**2 + 5*o - 2. Let x be 286/(-39) + (-4)/6. Let u = 4 + x. Calculate c(u).
-6
Suppose -15*d + 12*d - 9 = 0. Let h(p) = -p**2 + 2. Calculate h(d).
-7
Let w(f) be the first derivative of -f**3/3 + 4*f - 1. Suppose 3*b - p = 148, b + 4*p + 53 = 2*b. Let h be (-2)/4 - b/(-14). Determine w(h).
-5
Let k = -45 + 39. Let h(n) be the third derivative of n**6/120 + n**5/12 - 7*n**4/24 - n**3/2 + n**2. What is h(k)?
3
Let s(t) be the first derivative of 20*t**3/3 + 17*t**2/2 - 3*t - 5. Let j(b) = 7*b**2 + 6*b - 1. Let n(v) = -11*j(v) + 4*s(v). Give n(1).
4
Let g(w) be the first derivative of -w**3/3 + w**2 + 3*w + 3. Suppose 4*d - 16 = -0*d. Suppose d - 12 = 4*t. Determine g(t).
-5
Let n(l) = l**2. Let y(b) = b + 1. Let s(c) = 2*n(c) + y(c). Let h(u) = -u - 15. Let g be h(-14). Give s(g).
2
Suppose 0 = 115*t - 116*t - 4. Let g(p) = 4*p - 2. What is g(t)?
-18
Let a(b) = -b - 8. Let r(q) = 5*q + 33. Let l(x) = -9*a(x) - 2*r(x). Let i be l(5). Suppose -i - 2 = m. Let s(t) = -t**2 - 2*t + 4. Determine s(m).
1
Let v(u) = 6 + u + u + 3*u - 6*u**2 - u**3 - 4*u. Determine v(-6).
0
Let l(n) = -n**3 - 6*n**2 - 7*n - 6. Let j be 12/4 + (-6)/(-3). Suppose j = c + 2*t, -2*t = c + c. Determine l(c).
4
Let i be (3/2)/((-4)/(-8)). Let h(p) = -13*p + 23*p - 7*p - 3 - p**3 - i*p**2. Give h(-4).
1
Let r(u) = u + 8. Let k be r(-5). Let h = k - 3. Let v(m) be the third derivative of -m**6/120 - m**5/60 + 5*m**3/6 + 8*m**2. Give v(h).
5
Let a(b) be the second derivative of 0 + 1/6*b**3 - 4*b - b**2 + 1/6*b**4. Let w(l) = -l**2 - 6*l - 7. Let m be w(-5). Give a(m).
4
Let b = 97 + -98. Let q(l) = 1 + 5*l - l + 0*l. Determine q(b).
-3
Let q(r) be the second derivative of r**3/2 - 7*r**2/2 + 4*r. Let x(p) = -2 + 4*p - 3 + 3 - 5. Let t(c) = -5*q(c) + 4*x(c). Calculate t(-5).
2
Suppose 3*l = -2*l + 4*z - 5, -5 = -z. Let y(o) be the third derivative of -o**4/12 + o**3/3 + o**2. Calculate y(l).
-4
Let m be (-42)/(-4) - (-3)/(-6). Suppose 4*q + 13 = 57. Let a(u) = -3*u**3 + q*u - m*u - 4 + 3 + u**2. Calculate a(1).
-2
Let h(i) be the first derivative of -i**4/4 - 7*i**3/3 - 5*i**2/2 - i + 10. Calculate h(-6).
-7
Let n(z) = z**2 - 5*z + 2. Let o be n(4). Let u(f) = 1 + 2*f + 4*f - 3*f. What is u(o)?
-5
Let t(f) = 2*f**2 + 1 - f**2 - 56*f + 53*f. Suppose -2*c + 4*p - 12 = 0, 5*c - 15 = -2*p + 15. What is t(c)?
5
Let u(b) be the second derivative of b**3 - b**2 + 17*b. Calculate u(-2).
-14
Let l(c) be the third derivative of -c**5/60 + c**4/3 - 3*c**3/2 - 23*c**2. Give l(6).
3
Let x be (-3)/(-6)*(1 - 1). Suppose w + t - 8 = x, 0 = -2*t + 13 - 3. Let n(z) = z**3 - z**2 - 4*z + 2. Determine n(w).
8
Let b(j) = 4*j. Let c(t) = t - 1. Let r be c(4). Suppose -5*o + 0*o - 6 = -4*h, 0 = r*h - 12. Suppose -3*n + 0*y = 3*y + 12, 0 = o*n + 3*y + 11. Determine b(n).
-4
Let p(u) = u**2 + 6*u + 3. Let s be p(-4). Let m(l) be the first derivative of l**2 + 3*l - 2. Give m(s).
-7
Let a(b) = -6*b + 3. Let p(f) = -6*f + 3. Let d(t) = 4*a(t) - 3*p(t). Let z(q) = 25*q - 13. Let h(k) = 9*d(k) + 2*z(k). What is h(-1)?
5
Suppose 3*s - 4 = 5. Suppose -6*b = -s*b - 33. Suppose -5*i + 3*l = -b, -5*i - 4*l = -0*i - 32. Let o(a) = a - 1. Determine o(i).
3
Suppose -5*c = 5*g - 30, g + 4*c - 22 = -g. Let v = g - -2. Let d be (-1)/v + (-26)/(-6). Let f(b) = -2*b + 2. Give f(d).
-6
Let o be 5/(3/(6/5)). Suppose z + 11 = -3*v, 5*v + 2 + 9 = o*z. Let p(m) = m**3 + m**2 - 2*m. What is p(z)?
0
Let r(v) = -6*v**2 + 2*v + 3. Let c(b) = -6*b**2 + 2*b + 4. Let u(z) = -2*c(z) + 3*r(z). What is u(-1)?
-7
Suppose -5*j + 7 + 13 = 0. Suppose 3*q - j*n = 22, -q - 4*n - 2 = 12. Let a(i) = 2*i**3 - 2*i**2 + i - 2. Give a(q).
8
Let n = -5231/24 - -218. Let d(i) be the third derivative of 5/6*i**3 + 0*i + 1/120*i**6 + 0 + 1/12*i**5 + n*i**4 - 3*i**2. Give d(-5).
0
Let q(b) = 2*b. Let j(p) be the first derivative of 3*p**2 + 1. Let l(o) = -3*j(o) + 8*q(o). Suppose -14 + 17 = k. Give l(k).
-6
Let p = -10 - -16. Let s(l) = l + 1. Let x(j) = 3*j + 5. Let m(a) = 4*s(a) - x(a). Give m(p).
5
Let r(d) = -d**2 + 4*d + 2. Let z(u) = u**2 - 3*u - 2. Let w(l) = 2*r(l) + 3*z(l). Determine w(2).
0
Suppose 4*d - r + 20 = -3*r, 26 = -5*d - 3*r. Let v(a) = a**3 + 4*a**2 - 3*a - 3. What is v(d)?
9
Let b(u) = -7*u - 26*u**2 + 12*u**2 + 1 - 2 + 15*u**2. Give b(7).
-1
Let g(f) = -2. Let z(i) = i - 1. Let y(a) = -5*a + 7. Let l(o) = y(o) + 4*z(o). Let m(b) = 4*g(b) + 3*l(b). Give m(1).
-2
Let n(r) be the first derivative of r**2/2 - 16*r + 52. What is n(0)?
-16
Let m(v) = -v - 2. Let i(a) = -2*a**3 - 6*a**2 + 2. Let t be i(-4). Let g be t/8 + (-2)/8. Calculate m(g).
-6
Let w(n) = 7*n + 9*n - 9 - 10*n. Let c(v) = -9*v + 14. Let f(y) = 5*c(y) + 8*w(y). Calculate f(-2).
-8
Let k(a) = a**3 + 4*a**2 + 6*a - 1. Let i(d) = d**2 +